 (f + 3)/3 is divided by 15?
13
Suppose -3*i + 639 = -429. Suppose 7*v - 1 - i = 0. Calculate the remainder when v is divided by 18.
15
Let n = 463 - 330. Suppose 5*u - 660 = -4*w, -n = -5*u + 4*u - w. Suppose 0 = 3*g - 63 - 15. What is the remainder when u is divided by g?
24
Suppose a + i - 18 = -3*i, -i = -2. Let c = -22 - -19. Let m = c - -40. What is the remainder when m is divided by a?
7
Suppose -22*b - 640 = -54*b. What is the remainder when 98 is divided by b?
18
Suppose 5*m - 2*m = 9. Let p = -72 - -74. Suppose 0 = m*j - 4*u - 7, p*j - j + 3 = 4*u. What is the remainder when 18 is divided by j?
3
Suppose -s + 546 = 13*s. What is the remainder when s is divided by 25/2 + (-3)/(-2)?
11
Let m = -50 - -83. Let y = 39 - m. What is the remainder when (-68)/(-7) + 2/7 is divided by y?
4
Let m = 43 - -10. Let c be 8/36 - (-52)/9. Let f = 20 - c. Calculate the remainder when m is divided by f.
11
Suppose 4*u = -q + 6*q + 112, 4*u - 112 = 4*q. Calculate the remainder when 45 is divided by ((-24)/(-7))/(4/u).
21
Let b = 238 - 16. Calculate the remainder when b is divided by 57.
51
Let o(p) = 32*p + 37*p + 0 - p + 2. Calculate the remainder when o(1) is divided by 24.
22
Suppose 7*l - 10*l + 5*m = -60, -3*m + 109 = 4*l. Suppose 2*z + 69 = 3*r + 171, 2*r + 4 = 0. Calculate the remainder when z is divided by l.
23
Calculate the remainder when (-32)/(15/(390/(-4))) is divided by 193.
15
Let z = -7 + 29. Suppose -4 = g + g, g + z = 2*v. What is the remainder when 38 is divided by v?
8
Suppose 4*a - 3*f - 138 = 112, -4*f = -4*a + 248. Let x(m) = -20*m - 95. Let s be x(-9). Suppose z = -s + 98. Calculate the remainder when a is divided by z.
12
Suppose 5223 = 11*z + 1615. What is the remainder when z is divided by 30?
28
Suppose 5*f - 4 = -2*b - 13, 5*f = -5*b. Suppose -5*a + b*a + 34 = 0. Suppose 30*s - 409 = -139. What is the remainder when a is divided by s?
8
Suppose -w - 12 = 2*n - 40, -n = 5*w - 14. What is the remainder when 96 is divided by n?
12
Suppose 163*c - 150*c = 1638. Calculate the remainder when c is divided by 43.
40
Let g = -89 - -191. Calculate the remainder when g is divided by 35.
32
Suppose 0 = 2*h - 24 - 70. Suppose p = 2*w - 2*p - h, 2*w - p - 41 = 0. What is the remainder when w is divided by 4?
3
Let w = -2 - -7. Suppose -3*z + 7*z - 648 = -4*g, w*g - 810 = 4*z. Calculate the remainder when g is divided by 41.
39
What is the remainder when 52 is divided by 18 + 16/(-40)*-5?
12
Suppose 0 = 23*k - 1259 + 109. What is the remainder when k is divided by 46?
4
Let u(h) = -h**3 + 9*h**2 - 14*h + 72. Calculate the remainder when 286 is divided by u(6).
94
Let w(f) = f**3 - 8*f**2 + 8*f - 1. Calculate the remainder when 626 is divided by w(8).
59
Let x = -169 - -248. What is the remainder when 147 is divided by x?
68
Let o = -1 + 5. Suppose -48 - 88 = -o*m. Let r = 690 + -678. What is the remainder when m is divided by r?
10
Calculate the remainder when 141 is divided by (627/(-190))/((-2)/20).
9
Calculate the remainder when (-5 + 4)/(10/(-7010)) is divided by 27.
26
Let s = -171 - -184. Let l(o) = 2*o**2 + 7*o + 1. What is the remainder when l(-7) is divided by s?
11
Let i = -84 - -118. What is the remainder when i is divided by 6?
4
Calculate the remainder when 12 is divided by (-8)/10 + (-68)/(-10).
0
Let o be (-626)/(-14) - 14/(-49). What is the remainder when -1 - o/18*(0 - 24) is divided by 15?
14
Let j(f) = f**2 - 19*f + 120. Calculate the remainder when 1198 is divided by j(9).
28
Let i be -3 - (-9)/((-9)/16). Let j = -22 - i. What is the remainder when 7 is divided by (-2 - j) + 2/2?
1
Suppose 2*g - 60 = 4*f, -5*f + 42 = g - f. Let l = g - 15. What is the remainder when l is divided by 8?
3
Suppose 0 = -8*r + 7*r + 276. Let o = r - 182. Calculate the remainder when o is divided by 24.
22
Let l(i) = -i**3 + i**2 - i + 14. Let z(k) = -k**2 + 11*k + 129. Calculate the remainder when z(17) is divided by l(0).
13
Suppose 0 = -5*w + g + 43, -5*w = -4*g - 79 + 27. Let i = 647 + -458. Let s = 204 - i. What is the remainder when s is divided by w?
7
Let g(k) = -15*k - 17. Let i be g(-5). Suppose 95*q - 97*q = -i. What is the remainder when q is divided by (-3)/(14/20 - 1)?
9
Suppose -2*u + 3 = -j - 2, -u + 16 = -5*j. Let n be 3/12 - (-225)/12. Let b = n - 18. Calculate the remainder when b is divided by u.
0
Let c(y) = 10*y + 162. Calculate the remainder when 128 is divided by c(-15).
8
Suppose 1 + 2 = h - 2*m, 2*m - 1 = -3*h. Let b(l) = -l + 2*l - h + l - 4. What is the remainder when 17 is divided by b(7)?
8
Suppose -p = -4*s - 45, 2*p + s = -3*s + 90. Calculate the remainder when p is divided by 33.
12
Let z(j) = -42*j - 931. What is the remainder when z(-45) is divided by 88?
79
Suppose -29 = -96*w + 95*w. Suppose -5 = 8*s - w. What is the remainder when 6 is divided by s?
0
Let r = 7 + 27. Let x = r - 10. What is the remainder when 93 is divided by x?
21
Suppose -2*k + 6*k = 0. Suppose -4*w - 2*b + 48 = k, 3*w + 8*b - 3*b = 43. What is the remainder when (-4 - -27) + 16/2 is divided by w?
9
Let w(r) = -r**2 - 24*r + 27. Let t be w(-19). Suppose -t = -n - n. Calculate the remainder when n is divided by 32.
29
Suppose 4*p = 3*p + 15. Let u(o) be the third derivative of 13*o**4/24 + 53*o**3/3 - o**2 - 7. Calculate the remainder when u(-6) is divided by p.
13
Let g(y) = -21*y + 10*y**2 - 3*y**2 + 2*y**2 + 4 + y**3 + 11*y**2. What is the remainder when 13 is divided by g(-21)?
1
Let a = -8 + 17. Suppose 7*f - 12*f = -80. What is the remainder when f is divided by a?
7
Suppose 230 = 2*r + 70. Suppose 0 = -z + 5*c + r, -3*z + 2*c + 305 = -0*c. Suppose -6*w = -w - z. Calculate the remainder when w is divided by 8.
5
Suppose 239 = 4*l + 3*u, -8*l + 4*l + 234 = -2*u. Calculate the remainder when l is divided by 46.
13
Let z = -24 + 46. Let o = 178 + -92. Calculate the remainder when o is divided by z.
20
Suppose 954 = 6*s + 102. What is the remainder when s is divided by 29?
26
Let g(k) = -k**2 - 5*k + 27. Let t be g(-8). Suppose 5*u = -2*m + 456, -t*u + 7*u - 375 = -5*m. What is the remainder when u is divided by 33?
24
Suppose -3*l - 1 + 16 = 0. Calculate the remainder when 27 is divided by l.
2
Let v = 2127 + -2083. Calculate the remainder when 130 is divided by v.
42
Suppose 9*t + 571 - 634 = 0. Suppose -5*m = -6 - 4. Suppose 2*i - i - m = 0. Calculate the remainder when t is divided by i.
1
Suppose -5*c + m = -19, -3*c + 5 = -4*m - 20. Let x = 24 + -17. Let u = 0 + x. What is the remainder when u is divided by c?
1
Suppose -c = 3*c - 8. Suppose 4*r = 3*r + c. Let u(s) = 9*s**2 - 4*s + 3. What is the remainder when 122 is divided by u(r)?
29
Let p be 32/(-12)*(-27)/12. Suppose p*o = 3*o + 132. Calculate the remainder when o is divided by 23.
21
Let n(f) = f**2 + 10*f + 8. Let y be n(-10). Suppose y + 14 = 2*p. Calculate the remainder when p is divided by 2.
1
Let o = 73 - 69. Calculate the remainder when 54 is divided by -1 - ((-15)/o)/((-6)/(-32)).
16
Let w be 2/((-2)/3 + 1). Let f(h) be the second derivative of 5*h**3/6 - 9*h**2/2 + 15*h. Calculate the remainder when f(w) is divided by 6.
3
Suppose 5*h + 4*q - 288 = 0, 0 = q - 3 + 1. Let v = h - 42. Calculate the remainder when v is divided by 10.
4
Suppose -3*w = 5*j - 4*w - 107, -w + 19 = j. Calculate the remainder when 39 is divided by j.
18
Let a(s) = -6*s. Calculate the remainder when -84 + 94 + 23*1 is divided by a(-2).
9
What is the remainder when (-5)/(-30)*-2 + (-236)/(-6) is divided by 7?
4
Let d(l) = -l**2 - 20*l - 9. Let f(s) = -s**2 - 7*s - 7. Let k be f(-5). Suppose k*u - 54 = -0*u. What is the remainder when u is divided by d(-19)?
8
Let u(k) = -109*k + 551. Calculate the remainder when u(5) is divided by (4/5)/((-3)/(-15)).
2
Calculate the remainder when -1 + 4 - -138 - 8 is divided by 5.
3
Let v(q) = -q**2 - 11*q + 12. Let r be v(-11). Suppose 3*x + r = 0, -i + 3*x = -2*x - 44. Calculate the remainder when 93 is divided by i.
21
Let q = 26 - -6. Suppose 3*m - q = 19. Suppose -4*y + m = -3*y. What is the remainder when 48 is divided by y?
14
Let x(a) be the second derivative of -a**4/12 - 5*a**3/6 + 13*a**2/2 + 7*a. Let l = -53 + 78. What is the remainder when l is divided by x(-5)?
12
Let u = 26 + -18. Suppose 3*i = u*i - 310. What is the remainder when i is d